{"id":3,"date":"2020-10-26T21:23:32","date_gmt":"2020-10-26T20:23:32","guid":{"rendered":"https:\/\/praxismoment.ch\/?page_id=3"},"modified":"2021-05-02T20:39:58","modified_gmt":"2021-05-02T18:39:58","slug":"datenschutzerklaerung","status":"publish","type":"page","link":"https:\/\/praxismoment.ch\/?page_id=3","title":{"rendered":"Datenschutzerkl\u00e4rung"},"content":{"rendered":"\n<p><\/p>\n\n\n<section class=\"av_textblock_section \"  itemscope=\"itemscope\" itemtype=\"https:\/\/schema.org\/CreativeWork\" ><div class='avia_textblock  '   itemprop=\"text\" ><h2>Datenschutzerkl&auml;rung<\/h2>\n<p>Verantwortliche Stelle im Sinne der Datenschutzgesetze, insbesondere der EU-Datenschutzgrundverordnung (DSGVO), ist:<\/p>\n<p>Praxis Moment<br \/>\nRahel Brugger<br \/>\nBaumgartenstrasse 15<br \/>\n8330 Pf\u00e4ffikon ZH<\/p>\n<p>Telefon: +41 79 722 93 88<br \/>\nE-Mail: rahel.brugger@praxismoment.ch<br \/>\nWebSite: https:\/\/praxismoment.ch\/<\/p>\n<h2>Allgemeiner Hinweis<\/h2>\n<p>Gest&uuml;tzt auf Artikel 13 der schweizerischen Bundesverfassung und den datenschutzrechtlichen Bestimmungen des Bundes (Datenschutzgesetz, DSG<!--DSG-->) hat jede Person Anspruch auf Schutz ihrer Privatsph&auml;re sowie auf Schutz vor Missbrauch ihrer pers&ouml;nlichen Daten. Die Betreiber dieser Seiten nehmen den Schutz Ihrer pers&ouml;nlichen Daten sehr ernst. Wir behandeln Ihre personenbezogenen Daten vertraulich und entsprechend der gesetzlichen Datenschutzvorschriften sowie dieser Datenschutzerkl&auml;rung.<\/p>\n<p>In Zusammenarbeit mit unseren Hosting-Providern bem&uuml;hen wir uns, die Datenbanken so gut wie m&ouml;glich vor fremden Zugriffen, Verlusten, Missbrauch oder vor F&auml;lschung zu sch&uuml;tzen.<\/p>\n<p>Wir weisen darauf hin, dass die Daten&uuml;bertragung im Internet (z.B. bei der Kommunikation per E-Mail) Sicherheitsl&uuml;cken aufweisen kann. Ein l&uuml;ckenloser Schutz der Daten vor dem Zugriff durch Dritte ist nicht m&ouml;glich.<\/p>\n<p>Durch die Nutzung dieser Website erkl&auml;ren Sie sich mit der Erhebung, Verarbeitung und Nutzung von Daten gem&auml;ss der nachfolgenden Beschreibung einverstanden. Diese Website kann grunds&auml;tzlich ohne Registrierung besucht werden. Dabei werden Daten wie beispielsweise aufgerufene Seiten bzw. Namen der abgerufenen Datei, Datum und Uhrzeit zu statistischen Zwecken auf dem Server gespeichert, ohne dass diese Daten unmittelbar auf Ihre Person bezogen werden. Personenbezogene Daten, insbesondere Name, Adresse oder E-Mail-Adresse werden soweit m&ouml;glich auf freiwilliger Basis erhoben. Ohne Ihre Einwilligung erfolgt keine Weitergabe der Daten an Dritte.<\/p>\n<h2>Bearbeitung von Personendaten<\/h2>\n<p>Personendaten sind alle Angaben, die sich auf eine bestimmte oder bestimmbare Person beziehen. Eine betroffene Person ist eine Person, &uuml;ber die Personendaten bearbeitet werden. Bearbeiten umfasst jeden Umgang mit Personendaten, unabh&auml;ngig von den angewandten Mitteln und Verfahren, insbesondere das Aufbewahren, Bekanntgeben, Beschaffen, L&ouml;schen, Speichern, Ver&auml;ndern, Vernichten und Verwenden von Personendaten.<\/p>\n<p>Wir bearbeiten Personendaten im Einklang mit dem schweizerischen Datenschutzrecht. Im &Uuml;brigen bearbeiten wir \u2013 soweit und sofern die EU-DSGVO anwendbar ist \u2013 Personendaten gem&auml;ss folgenden Rechtsgrundlagen im Zusammenhang mit Art. 6 Abs. 1 DSGVO<!--DSGVO-->:<\/p>\n<ul>\n<li>lit. a) Bearbeitung von Personendaten mit Einwilligung der betroffenen Person.<\/li>\n<li>lit. b) Bearbeitung von Personendaten zur Erf&uuml;llung eines Vertrages mit der betroffenen Person sowie zur Durchf&uuml;hrung entsprechender vorvertraglicher Massnahmen.<\/li>\n<li>lit. c) Bearbeitung von Personendaten zur Erf&uuml;llung einer rechtlichen Verpflichtung, der wir gem&auml;ss allenfalls anwendbarem Recht der EU oder gem&auml;ss allenfalls anwendbarem Recht eines Landes, in dem die DSGVO<!--DSGVO--> ganz oder teilweise anwendbar ist, unterliegen.<\/li>\n<li>lit. d) Bearbeitung von Personendaten um lebenswichtige Interessen der betroffenen Person oder einer anderen nat&uuml;rlichen Person zu sch&uuml;tzen.<\/li>\n<li>lit. f) Bearbeitung von Personendaten um die berechtigten Interessen von uns oder von Dritten zu wahren, sofern nicht die Grundfreiheiten und Grundrechte sowie Interessen der betroffenen Person &uuml;berwiegen. Berechtigte Interessen sind insbesondere unser betriebswirtschaftliches Interesse, unsere Website bereitstellen zu k&ouml;nnen, die Informationssicherheit, die Durchsetzung von eigenen rechtlichen Anspr&uuml;chen und die Einhaltung von schweizerischem Recht.<\/li>\n<\/ul>\n<p>Wir bearbeiten Personendaten f&uuml;r jene Dauer, die f&uuml;r den jeweiligen Zweck oder die jeweiligen Zwecke erforderlich ist. Bei l&auml;nger dauernden Aufbewahrungspflichten aufgrund von gesetzlichen und sonstigen Pflichten, denen wir unterliegen, schr&auml;nken wir die Bearbeitung entsprechend ein.<\/p>\n<h2>Datenschutzerkl&auml;rung f&uuml;r Cookies<\/h2>\n<p>Diese Website verwendet Cookies. Das sind kleine Textdateien, die es m&ouml;glich machen, auf dem Endger&auml;t des Nutzers spezifische, auf den Nutzer bezogene Informationen zu speichern, w&auml;hrend er die Website nutzt. Cookies erm&ouml;glichen es, insbesondere Nutzungsh&auml;ufigkeit und Nutzeranzahl der Seiten zu ermitteln, Verhaltensweisen der Seitennutzung zu analysieren, aber auch unser Angebot kundenfreundlicher zu gestalten. <!--Allg.Cookies-->Cookies bleiben &uuml;ber das Ende einer Browser-Sitzung gespeichert und k&ouml;nnen bei einem erneuten Seitenbesuch wieder aufgerufen werden. Wenn Sie das nicht w&uuml;nschen, sollten Sie Ihren Internetbrowser so einstellen, dass er die Annahme von Cookies verweigert.<\/p>\n<p>Ein genereller Widerspruch gegen den Einsatz der zu Zwecken des Onlinemarketing eingesetzten Cookies kann bei einer Vielzahl der Dienste, vor allem im Fall des Trackings, \u00fcber die US-amerikanische Seite <a href=\"http:\/\/www.aboutads.info\/choices\/\" target=\"_blank\" rel=\"noopener noreferrer\">http:\/\/www.aboutads.info\/choices\/<\/a> oder die EU-Seite <a href=\"http:\/\/www.youronlinechoices.com\/\" target=\"_blank\" rel=\"noopener noreferrer\">http:\/\/www.youronlinechoices.com\/<\/a> erkl\u00e4rt werden. Des Weiteren kann die Speicherung von Cookies mittels deren Abschaltung in den Einstellungen des Browsers erreicht werden. Bitte beachten Sie, dass dann gegebenenfalls nicht alle Funktionen dieses Onlineangebotes genutzt werden k\u00f6nnen.<\/p>\n<h2>Datenschutzerkl&auml;rung f&uuml;r SSL-\/TLS-Verschl&uuml;sselung<\/h2>\n<p>Diese Website nutzt aus Gr&uuml;nden der Sicherheit und zum Schutz der &Uuml;bertragung vertraulicher Inhalte, wie zum Beispiel der Anfragen, die Sie an uns als Seitenbetreiber senden, eine SSL-\/TLS-Verschl&uuml;sselung. Eine verschl&uuml;sselte Verbindung erkennen Sie daran, dass die Adresszeile des Browsers von &quot;http:\/\/&quot; auf &quot;https:\/\/&quot; wechselt und an dem Schloss-Symbol in Ihrer Browserzeile.<\/p>\n<p>Wenn die SSL bzw. TLS Verschl&uuml;sselung aktiviert ist, k&ouml;nnen die Daten, die Sie an uns &uuml;bermitteln, nicht von Dritten mitgelesen werden.<\/p>\n<h2>Dienste von Dritten<\/h2>\n<p>Diese Website verwenden allenfalls Google Maps f&uuml;r das Einbetten von Karten, Google Invisible reCAPTCHA f&uuml;r den Schutz gegen Bots und Spam sowie YouTube f&uuml;r das Einbetten von Videos.<\/p>\n<p>Diese Dienste der amerikanischen Google LLC verwenden unter anderem Cookies und infolgedessen werden Daten an Google in den USA &uuml;bertragen, wobei wir davon ausgehen, dass in diesem Rahmen kein personenbezogenes Tracking allein durch die Nutzung unserer Website stattfindet.<\/p>\n<p>Google hat sich verpflichtet, einen angemessenen Datenschutz gem&auml;ss dem amerikanisch-europ&auml;ischen und dem amerikanisch-schweizerischen Privacy Shield zu gew&auml;hrleisten.<\/p>\n<p>Weitere Informationen finden sich in der <a href='https:\/\/policies.google.com\/privacy?hl=de' target=\"_blank\" rel=\"noopener noreferrer\" style=\"color: inherit;\">Datenschutzerkl&auml;rung von Google<\/a>.<\/p>\n<h2>Datenschutzerkl&auml;rung f&uuml;r Kontaktformular<\/h2>\n<p>Wenn Sie uns per Kontaktformular Anfragen zukommen lassen, werden Ihre Angaben aus dem Anfrageformular inklusive der von Ihnen dort angegebenen Kontaktdaten zwecks Bearbeitung der Anfrage und f&uuml;r den Fall von Anschlussfragen bei uns gespeichert. Diese Daten geben wir nicht ohne Ihre Einwilligung weiter.<\/p>\n<h2>Datenschutzerkl&auml;rung f&uuml;r Widerspruch Werbe-Mails<\/h2>\n<p>Der Nutzung von im Rahmen der Impressumspflicht ver&ouml;ffentlichten Kontaktdaten zur &Uuml;bersendung von nicht ausdr&uuml;cklich angeforderter Werbung und Informationsmaterialien wird hiermit widersprochen. Die Betreiber der Seiten behalten sich ausdr&uuml;cklich rechtliche Schritte im Falle der unverlangten Zusendung von Werbeinformationen, etwa durch Spam-E-Mails, vor.<\/p>\n<h2>Kostenpflichtige Leistungen<\/h2>\n<p>Zur Erbringung kostenpflichtiger Leistungen werden von uns zus&auml;tzliche Daten erfragt, wie z.B. Zahlungsangaben, um Ihre Bestellung resp. Ihren Auftrag ausf&uuml;hren zu k&ouml;nnen. Wir speichern diese Daten in unseren Systemen, bis die gesetzlichen Aufbewahrungsfristen abgelaufen sind.<\/p>\n<h2>Verwendung von Google Maps<\/h2>\n<p>Diese Website nutzt das Angebot von Google Maps. Dadurch k\u00f6nnen wir Ihnen interaktive Karten direkt in der Website anzeigen und erm\u00f6glichen Ihnen die komfortable Nutzung der Karten-Funktion. Durch den Besuch auf der Website erh\u00e4lt Google die Information, dass Sie die entsprechende Unterseite unserer Website aufgerufen haben. Dies erfolgt unabh\u00e4ngig davon, ob Google ein Nutzerkonto bereitstellt, \u00fcber das Sie eingeloggt sind, oder ob kein Nutzerkonto besteht. Wenn Sie bei Google eingeloggt sind, werden Ihre Daten direkt Ihrem Konto zugeordnet. Wenn Sie die Zuordnung mit Ihrem Profil bei Google nicht w\u00fcnschen, m\u00fcssen Sie sich vor Aktivierung des Buttons ausloggen. Google speichert Ihre Daten als Nutzungsprofile und nutzt sie f\u00fcr Zwecke der Werbung, Marktforschung und\/oder bedarfsgerechten Gestaltung seiner Website. Eine solche Auswertung erfolgt insbesondere (selbst f\u00fcr nicht eingeloggte Nutzer) zur Erbringung von bedarfsgerechter Werbung und um andere Nutzer des sozialen Netzwerks \u00fcber Ihre Aktivit\u00e4ten auf unserer Website zu informieren. Ihnen steht ein Widerspruchsrecht zu gegen die Bildung dieser Nutzerprofile, wobei Sie sich zur Aus\u00fcbung dessen an Google richten m\u00fcssen. Weitere Informationen zu Zweck und Umfang der Datenerhebung und ihrer Verarbeitung durch Google erhalten Sie neben weiteren Informationen zu Ihren diesbez\u00fcglichen Rechten und Einstellungsm\u00f6glichkeiten zum Schutze Ihrer Privatsph\u00e4re unter: <a href=\"http:\/\/www.google.de\/intl\/de\/policies\/privacy\" target=\"_blank\" rel=\"noopener noreferrer\">www.google.de\/intl\/de\/policies\/privacy<\/a>.<\/p>\n<h2>Datenschutzerkl&auml;rung f&uuml;r Google Analytics<\/h2>\n<p>Diese Website benutzt Google Analytics, einen Webanalysedienst der Google Ireland Limited. Wenn der Verantwortliche f\u00fcr die Datenverarbeitung auf dieser Website ausserhalb des Europ\u00e4ischen Wirtschaftsraumes oder der Schweiz sitzt, dann erfolgt die Google Analytics Datenverarbeitung durch Google LLC. Google LLC und Google Ireland Limited werden nachfolgend &laquo;Google&raquo; genannt.<\/p>\n<p>\u00dcber die gewonnenen Statistiken k\u00f6nnen wir unser Angebot verbessern und f\u00fcr Sie als Nutzer interessanter ausgestalten. Diese Website verwendet Google Analytics zudem f\u00fcr eine ger\u00e4te\u00fcbergreifende Analyse von Besucherstr\u00f6men, die \u00fcber eine User-ID durchgef\u00fchrt wird. Sofern Sie \u00fcber ein Google-Benutzerkonto verf\u00fcgen, k\u00f6nnen Sie in den dortigen Einstellungen unter &laquo;Meine Daten&raquo;, &laquo;pers\u00f6nliche Daten&raquo; die ger\u00e4te\u00fcbergreifende Analyse Ihrer Nutzung deaktivieren.<\/p>\n<p>Rechtsgrundlage f\u00fcr die Nutzung von Google Analytics ist Art. 6 Abs. 1 S. 1 lit. f DS-GVO. Die im Rahmen von Google Analytics von Ihrem Browser \u00fcbermittelte IP-Adresse wird nicht mit anderen Daten von Google zusammengef\u00fchrt. Wir weisen Sie darauf hin, dass auf dieser Website Google Analytics um den Code &laquo;_anonymizeIp();&raquo; erweitert wurde, um eine anonymisierte Erfassung von IP-Adressen zu gew\u00e4hrleisten. Dadurch werden IP-Adressen gek\u00fcrzt weiterverarbeitet, eine Personenbeziehbarkeit kann damit ausgeschlossen werden. Soweit den \u00fcber Sie erhobenen Daten ein Personenbezug zukommt, wird dieser also sofort ausgeschlossen und die personenbezogenen Daten damit umgehend gel\u00f6scht.<\/p>\n<p>Nur in Ausnahmef\u00e4llen wird die volle IP-Adresse an einen Server von Google in den USA \u00fcbertragen und dort gek\u00fcrzt. Im Auftrag des Betreibers dieser Website wird Google diese Informationen benutzen, um Ihre Nutzung der Website auszuwerten, um Reports \u00fcber die Websitenaktivit\u00e4ten zusammenzustellen und um weitere mit der Websitennutzung und der Internetnutzung verbundene Dienstleistungen gegen\u00fcber dem Websitenbetreiber zu erbringen. F\u00fcr die Ausnahmef\u00e4lle, in denen personenbezogene Daten in die USA \u00fcbertragen werden, hat sich Google dem EU-US Privacy Shield unterworfen, <a href=\"https:\/\/www.privacyshield.gov\/EU-US-Framework\" target=\"_blank\" rel=\"noopener noreferrer\">https:\/\/www.privacyshield.gov\/EU-US-Framework<\/a>.<\/p>\n<p>Google Analytics verwendet Cookies. Die durch den Cookie erzeugten Informationen \u00fcber Ihre Benutzung dieser Website werden in der Regel an einen Server von Google in den USA \u00fcbertragen und dort gespeichert. Sie k\u00f6nnen die Speicherung der Cookies durch eine entsprechende Einstellung Ihrer Browser-Software verhindern; wir weisen Sie jedoch darauf hin, dass Sie in diesem Fall gegebenenfalls nicht s\u00e4mtliche Funktionen dieser Website vollumf\u00e4nglich werden nutzen k\u00f6nnen. Sie k\u00f6nnen dar\u00fcber hinaus die Erfassung der durch das Cookie erzeugten und auf Ihre Nutzung der Website bezogenen Daten (inkl. Ihrer IP-Adresse) an Google sowie die Verarbeitung dieser Daten durch Google verhindern, indem sie das unter dem folgenden Link verf\u00fcgbare Browser-Plugin herunterladen und installieren: <a href=\"https:\/\/www.swissanwalt.ch\/de\/gaoptout.aspx\" target=\"_blank\" rel=\"noopener noreferrer\">Google Analytics deaktivieren<\/a>.<\/p>\n<p>Ausserdem k\u00f6nnen Sie die Nutzung von Google Analytics auch verhindern, indem sie auf diesen Link klicken: <a href=\"https:\/\/tools.google.com\/dlpage\/gaoptout?hl=de\" target=\"_blank\" rel=\"noopener noreferrer\">Google Analytics deaktivieren<\/a>. Hierdurch wird ein sog. opt-out Cookie auf ihrem Datentr\u00e4ger gespeichert, der die Verarbeitung personenbezogener Daten durch Google Analytics verhindert. Bitte beachten Sie, dass bei einem L\u00f6schen s\u00e4mtlicher Cookies auf Ihrem Endger\u00e4t auch diese Opt-out-Cookies gel\u00f6scht werden, d.h., dass Sie erneut die Opt-out-Cookies setzen m\u00fcssen, wenn Sie weiterhin diese Form der Datenerhebung verhindern wollen. Die Opt-out-Cookies sind pro Browser und Rechner\/Endger\u00e4t gesetzt und m\u00fcssen daher f\u00fcr jeden Browser, Rechner oder anderes Endger\u00e4t gesondert aktiviert werden.<\/p>\n<h2>Datenschutzerkl&auml;rung f\u00fcr die Nutzung von Google Web Fonts<\/h2>\n<p>Diese Website nutzt zur einheitlichen Darstellung von Schriftarten so genannte Web Fonts, die von Google bereitgestellt werden. Beim Aufruf einer Seite l&auml;dt Ihr Browser die ben&ouml;tigten Web Fonts in ihren Browsercache, um Texte und Schriftarten korrekt anzuzeigen. Wenn Ihr Browser Web Fonts nicht unterst&uuml;tzt, wird eine Standardschrift von Ihrem Computer genutzt.<\/p>\n<p>Weitere Informationen zu Google Web Fonts finden Sie unter <a href=\"https:\/\/developers.google.com\/fonts\/faq\" target=\"_blank\" style=\"color: inherit;\" rel=\"noopener noreferrer\">https:\/\/developers.google.com\/fonts\/faq<\/a> und in der Datenschutzerkl&auml;rung von Google: <a href=\"https:\/\/www.google.com\/policies\/privacy\/\" target=\"_blank\" style=\"color: inherit;\" rel=\"noopener noreferrer\">https:\/\/www.google.com\/policies\/privacy\/<\/a><\/p>\n<h2>Datenschutzerkl&auml;rung f&uuml;r YouTube<\/h2>\n<p>Auf dieser Website sind Funktionen des Dienstes &laquo;YouTube&raquo; eingebunden. &laquo;YouTube&raquo; geh&ouml;rt der Google Ireland Limited, einer nach irischem Recht eingetragenen und betriebenen Gesellschaft mit Sitz in Gordon House, Barrow Street, Dublin 4, Irland, welche die Dienste im Europ&auml;ischen Wirtschaftsraum und der Schweiz betreibt.<\/p>\n<p>Ihre rechtliche Vereinbarung mit &laquo;YouTube&raquo; besteht aus den unter folgendem Link zu entnehmenden Bestimmungen und Bedingungen: <a href='https:\/\/www.youtube.com\/static?gl=DE&#038;template=terms&#038;hl=de' target='_blank' rel=\"noopener noreferrer\">https:\/\/www.youtube.com\/static?gl=de&#038;template=terms&#038;hl=de<\/a>. Diese Bestimmungen bilden eine rechtlich bindende Vereinbarung zwischen Ihnen und &laquo;YouTube&raquo; bez&uuml;glich der Nutzung der Dienste. In der Datenschutzerkl&auml;rung von Google wird erl&auml;utert, wie &laquo;YouTube&raquo; mit Ihren personenbezogenen Daten verf&auml;hrt und Ihre Daten sch&uuml;tzt, wenn Sie den Dienst nutzen.<\/p>\n<h2>Datenschutzerkl&auml;rung f&uuml;r Vimeo<\/h2>\n<p>Auf dieser Website sind Plugins des Videoportals Vimeo der Vimeo, LLC, 555 West 18th Street, New York, New York 10011, USA eingebunden. Bei jedem Aufruf einer Seite, die ein oder mehrere Vimeo-Videoclips anbietet, wird eine direkte Verbindung zwischen Ihrem Browser und einem Server von Vimeo in den USA hergestellt. Dabei werden Informationen &uuml;ber Ihren Besuch und Ihre IP-Adresse dort gespeichert. Durch Interaktionen mit den Vimeo Plugins (z.B. Klicken des Start-Buttons) werden diese Informationen ebenfalls an Vimeo &uuml;bermittelt und dort gespeichert. Die Datenschutzerkl&auml;rung f&uuml;r Vimeo mit n&auml;heren Informationen zur Erhebung und Nutzung Ihrer Daten durch Vimeo finden Sie in der <a href=\"http:\/\/vimeo.com\/privacy\">Datenschutzerkl&auml;rung von Vimeo<\/a>.<\/p>\n<p>Wenn Sie ein Vimeo-Benutzerkonto haben und nicht m&ouml;chten, dass Vimeo &uuml;ber diese Website Daten &uuml;ber Sie sammelt und mit Ihren bei Vimeo gespeicherten Mitgliedsdaten verkn&uuml;pft, m&uuml;ssen Sie sich vor Ihrem Besuch dieser Website bei Vimeo ausloggen.<\/p>\n<p>Ausserdem ruft Vimeo &uuml;ber einen iFrame, in dem das Video aufgerufen wird, den Tracker Google Analytics auf. Dabei handelt es sich um ein eigenes Tracking von Vimeo, auf das wir keinen Zugriff haben. Sie k&ouml;nnen das Tracking durch Google Analytics unterbinden, indem Sie die Deaktivierungs-Tools einsetzen, die Google f&uuml;r einige Internet-Browser anbietet. Sie k&ouml;nnen dar&uuml;ber hinaus die Erfassung der durch Google Analytics erzeugten und auf ihre Nutzung der Website bezogenen Daten (inkl. Ihrer IP-Adresse) an Google sowie die Verarbeitung dieser Daten durch Google verhindern, indem Sie das unter dem folgenden Link verf&uuml;gbare Browser-Plugin herunterladen und installieren:<\/p>\n<p><a href=\"https:\/\/tools.google.com\/dlpage\/gaoptout?hl=de\" target=\"_blank\" rel=\"noopener noreferrer\">https:\/\/tools.google.com\/dlpage\/gaoptout?hl=de<\/a><\/p>\n<h2>Hinweis zur Datenweitergabe in die USA<\/h2>\n<p>Auf unserer Website sind unter anderem Tools von Unternehmen mit Sitz in den USA eingebunden. Wenn diese Tools aktiv sind, k&ouml;nnen Ihre personenbezogenen Daten an die US-Server der jeweiligen Unternehmen weitergegeben werden. Wir weisen darauf hin, dass die USA kein sicherer Drittstaat im Sinne des EU-Datenschutzrechts sind. US-Unternehmen sind dazu verpflichtet, personenbezogene Daten an Sicherheitsbeh&ouml;rden herauszugeben, ohne dass Sie als Betroffener hiergegen gerichtlich vorgehen k&ouml;nnten. Es kann daher nicht ausgeschlossen werden, dass US-Beh&ouml;rden (z.B. Geheimdienste) Ihre auf US-Servern befindlichen Daten zu &uuml;berwachungszwecken verarbeiten, auswerten und dauerhaft speichern. Wir haben auf diese Verarbeitungst&auml;tigkeiten keinen Einfluss.<\/p>\n<h2>Urheberrechte<\/h2>\n<p>Die Urheber- und alle anderen Rechte an Inhalten, Bildern, Fotos oder anderen Dateien auf der Website, geh&ouml;ren ausschliesslich dem Betreiber dieser Website oder den speziell genannten Rechteinhabern. F\u00fcr die Reproduktion von s\u00e4mtlichen Dateien, ist die schriftliche Zustimmung des Urheberrechtstr&auml;gers im Voraus einzuholen.<\/p>\n<p>Wer ohne Einwilligung des jeweiligen Rechteinhabers eine Urheberrechtsverletzung begeht, kann sich strafbar und allenfalls schadenersatzpflichtig machen.<\/p>\n<h2>Allgemeiner Haftungsausschluss<\/h2>\n<p>Alle Angaben unseres Internetangebotes wurden sorgf&auml;ltig gepr&uuml;ft. Wir bem&uuml;hen uns, unser Informationsangebot aktuell, inhaltlich richtig und vollst&auml;ndig anzubieten. Trotzdem kann das Auftreten von Fehlern nicht v&ouml;llig ausgeschlossen werden, womit wir keine Garantie f&uuml;r Vollst&auml;ndigkeit, Richtigkeit und Aktualit&auml;t von Informationen auch journalistisch-redaktioneller Art &uuml;bernehmen k&ouml;nnen. Haftungsanspr&uuml;che aus Sch&auml;den materieller oder ideeller Art, die durch die Nutzung der angebotenen Informationen verursacht wurden, sind ausgeschlossen, sofern kein nachweislich vors&auml;tzliches oder grob fahrl&auml;ssiges Verschulden vorliegt.<\/p>\n<p>Der Herausgeber kann nach eigenem Ermessen und ohne Ank&uuml;ndigung Texte ver&auml;ndern oder l&ouml;schen und ist nicht verpflichtet, Inhalte dieser Website zu aktualisieren. Die Benutzung bzw. der Zugang zu dieser Website geschieht auf eigene Gefahr des Besuchers. Der Herausgeber, seine Auftraggeber oder Partner sind nicht verantwortlich f&uuml;r Sch&auml;den, wie direkte, indirekte, zuf&auml;llige, vorab konkret zu bestimmende oder Folgesch&auml;den, die angeblich durch den Besuch dieser Website entstanden sind und &uuml;bernehmen hierf&uuml;r folglich keine Haftung.<\/p>\n<p>Der Herausgeber &uuml;bernimmt ebenfalls keine Verantwortung und Haftung f&uuml;r die Inhalte und die Verf&uuml;gbarkeit von Website Dritter, die &uuml;ber externe Links dieser Website erreichbar sind. F&uuml;r den Inhalt der verlinkten Seiten sind ausschliesslich deren Betreiber verantwortlich. Der Herausgeber distanziert sich damit ausdr&uuml;cklich von allen Inhalten Dritter, die m&ouml;glicherweise straf- oder haftungsrechtlich relevant sind oder gegen die guten Sitten verstossen.<\/p>\n<h2>&Auml;nderungen<\/h2>\n<p>Wir k&ouml;nnen diese Datenschutzerkl&auml;rung jederzeit ohne Vorank&uuml;ndigung anpassen. Es gilt die jeweils aktuelle, auf unserer Website publizierte Fassung. Soweit die Datenschutzerkl&auml;rung Teil einer Vereinbarung mit Ihnen ist, werden wir Sie im Falle einer Aktualisierung \u00fcber die &Auml;nderung per E-Mail oder auf andere geeignete Weise informieren.<\/p>\n<h2>Fragen an den Datenschutzbeauftragten<\/h2>\n<p>Wenn Sie Fragen zum Datenschutz haben, schreiben Sie uns bitte eine E-Mail oder wenden Sie sich direkt an die f&uuml;r den Datenschutz zu Beginn der Datenschutzerkl&auml;rung aufgef&uuml;hrten, verantwortlichen Person in unserer Organisation.<\/p>\n<p>Pf\u00e4ffikon ZH, 02.05.2021<!--ACHTUNG: Wenn Sie die Quelle ohne Erlaubnis von SwissAnwalt entfernen, dann begehen Sie eine Urheberrechtsverletzung welche in jedem Fall unter Kostenfolge geahndet wird.--><br \/>\nQuelle: <a href=\"https:\/\/www.swissanwalt.ch\" target=\"_blank\" rel=\"noopener noreferrer\">SwissAnwalt<\/a><\/p>\n<p><!--Bitte beachten Sie die AGB von SwissAnwalt betreffend allf\u00e4llig anfallenden Kosten bei Weglassen der Quelle!--><\/p>\n<\/div><\/section>\n","protected":false},"excerpt":{"rendered":"","protected":false},"author":1,"featured_media":0,"parent":0,"menu_order":0,"comment_status":"closed","ping_status":"open","template":"","meta":{"footnotes":""},"_links":{"self":[{"href":"https:\/\/praxismoment.ch\/index.php?rest_route=\/wp\/v2\/pages\/3"}],"collection":[{"href":"https:\/\/praxismoment.ch\/index.php?rest_route=\/wp\/v2\/pages"}],"about":[{"href":"https:\/\/praxismoment.ch\/index.php?rest_route=\/wp\/v2\/types\/page"}],"author":[{"embeddable":true,"href":"https:\/\/praxismoment.ch\/index.php?rest_route=\/wp\/v2\/users\/1"}],"replies":[{"embeddable":true,"href":"https:\/\/praxismoment.ch\/index.php?rest_route=%2Fwp%2Fv2%2Fcomments&post=3"}],"version-history":[{"count":2,"href":"https:\/\/praxismoment.ch\/index.php?rest_route=\/wp\/v2\/pages\/3\/revisions"}],"predecessor-version":[{"id":735,"href":"https:\/\/praxismoment.ch\/index.php?rest_route=\/wp\/v2\/pages\/3\/revisions\/735"}],"wp:attachment":[{"href":"https:\/\/praxismoment.ch\/index.php?rest_route=%2Fwp%2Fv2%2Fmedia&parent=3"}],"curies":[{"name":"wp","href":"https:\/\/api.w.org\/{rel}","templated":true}]}}